{"id":1247,"date":"2020-12-15T10:18:20","date_gmt":"2020-12-15T10:18:20","guid":{"rendered":"https:\/\/startertemplatecloud.com\/e08\/?post_type=product&#038;p=136"},"modified":"2024-04-30T19:12:58","modified_gmt":"2024-04-30T17:12:58","slug":"plateau-repas","status":"publish","type":"product","link":"https:\/\/echoppegusto.fr\/index.php\/product\/plateau-repas\/","title":{"rendered":"Plateau repas"},"content":{"rendered":"<p>Composez votre plateau repas italien avec une s\u00e9lection raffin\u00e9e d&rsquo;antipasti, des charcuteries fines et des fromages artisanaux. Poursuivez avec un plat de p\u00e2tes fra\u00eeches ou de lasagnes par exemple puis terminez en apoth\u00e9ose avec un tiramisu authentique ou une panna cotta onctueuse, pour une exp\u00e9rience culinaire typiquement italienne.<\/p>\n","protected":false},"excerpt":{"rendered":"<p>Offrez-vous la libert\u00e9 de composer votre propre plateau repas italien, de l&rsquo;entr\u00e9e au dessert, selon vos pr\u00e9f\u00e9rences. Explorez une vari\u00e9t\u00e9 de produits 100% italien aux saveurs authentiques. Terminez en beaut\u00e9 avec un choix entre plusieurs desserts traditionnels, offrant une exp\u00e9rience culinaire personnalis\u00e9e et inoubliable.<\/p>\n","protected":false},"featured_media":1742,"template":"","meta":{"_price":"25.5","_stock":"","_tribe_ticket_header":"","_tribe_default_ticket_provider":"","_tribe_ticket_capacity":"0","_ticket_start_date":"","_ticket_end_date":"","_tribe_ticket_show_description":"","_tribe_ticket_show_not_going":false,"_tribe_ticket_use_global_stock":"","_tribe_ticket_global_stock_level":"","_global_stock_mode":"","_global_stock_cap":"","_tribe_rsvp_for_event":"","_tribe_ticket_going_count":"","_tribe_ticket_not_going_count":"","_tribe_tickets_list":"[]","_tribe_ticket_has_attendee_info_fields":false,"_EventAllDay":false,"_EventTimezone":"","_EventStartDate":"","_EventEndDate":"","_EventStartDateUTC":"","_EventEndDateUTC":"","_EventShowMap":false,"_EventShowMapLink":false,"_EventURL":"","_EventCost":"","_EventCostDescription":"","_EventCurrencySymbol":"","_EventCurrencyCode":"","_EventCurrencyPosition":"","_EventDateTimeSeparator":"","_EventTimeRangeSeparator":"","_EventOrganizerID":[],"_EventVenueID":[],"_OrganizerEmail":"","_OrganizerPhone":"","_OrganizerWebsite":"","_VenueAddress":"","_VenueCity":"","_VenueCountry":"","_VenueProvince":"","_VenueState":"","_VenueZip":"","_VenuePhone":"","_VenueURL":"","_VenueStateProvince":"","_VenueLat":"","_VenueLng":"","_VenueShowMap":false,"_VenueShowMapLink":false,"_kadence_starter_templates_imported_post":true,"_kad_post_transparent":"default","_kad_post_title":"","_kad_post_layout":"default","_kad_post_sidebar_id":"","_kad_post_content_style":"default","_kad_post_vertical_padding":"default","_kad_post_feature":"","_kad_post_feature_position":"","_kad_post_header":false,"_kad_post_footer":false},"product_brand":[],"product_cat":[17],"product_tag":[],"class_list":{"0":"post-1247","1":"product","2":"type-product","3":"status-publish","4":"has-post-thumbnail","6":"product_cat-uncategorized","7":"product_shipping_class-clickcollect","9":"first","10":"instock","11":"sold-individually","12":"shipping-taxable","13":"purchasable","14":"product-type-variable","15":"entry","16":"content-bg","17":"loop-entry"},"_links":{"self":[{"href":"https:\/\/echoppegusto.fr\/index.php\/wp-json\/wp\/v2\/product\/1247","targetHints":{"allow":["GET"]}}],"collection":[{"href":"https:\/\/echoppegusto.fr\/index.php\/wp-json\/wp\/v2\/product"}],"about":[{"href":"https:\/\/echoppegusto.fr\/index.php\/wp-json\/wp\/v2\/types\/product"}],"wp:featuredmedia":[{"embeddable":true,"href":"https:\/\/echoppegusto.fr\/index.php\/wp-json\/wp\/v2\/media\/1742"}],"wp:attachment":[{"href":"https:\/\/echoppegusto.fr\/index.php\/wp-json\/wp\/v2\/media?parent=1247"}],"wp:term":[{"taxonomy":"product_brand","embeddable":true,"href":"https:\/\/echoppegusto.fr\/index.php\/wp-json\/wp\/v2\/product_brand?post=1247"},{"taxonomy":"product_cat","embeddable":true,"href":"https:\/\/echoppegusto.fr\/index.php\/wp-json\/wp\/v2\/product_cat?post=1247"},{"taxonomy":"product_tag","embeddable":true,"href":"https:\/\/echoppegusto.fr\/index.php\/wp-json\/wp\/v2\/product_tag?post=1247"}],"curies":[{"name":"wp","href":"https:\/\/api.w.org\/{rel}","templated":true}]}}